mon divisor of 10 and 230.
10
What is the highest common divisor of 7 and 71?
1
What is the greatest common divisor of 816 and 96?
48
What is the highest common factor of 3100 and 250?
50
What is the highest common divisor of 36 and 126?
18
Calculate the highest common divisor of 4942 and 28.
14
What is the highest common divisor of 18 and 90?
18
What is the greatest common factor of 294 and 343?
49
What is the greatest common factor of 918 and 126?
18
What is the greatest common factor of 10240 and 416?
32
Calculate the greatest common divisor of 189 and 21.
21
What is the highest common factor of 324 and 24?
12
What is the highest common divisor of 35820 and 540?
180
Calculate the highest common divisor of 20 and 8.
4
What is the greatest common divisor of 106 and 17914?
106
Calculate the highest common divisor of 476 and 272.
68
What is the highest common factor of 289 and 119?
17
Calculate the highest common divisor of 384 and 12.
12
What is the greatest common divisor of 3135 and 25?
5
Calculate the greatest common factor of 3810 and 18.
6
Calculate the greatest common factor of 14 and 203.
7
What is the highest common factor of 126 and 24255?
63
Calculate the highest common divisor of 2286 and 234.
18
Calculate the highest common divisor of 56 and 259.
7
What is the greatest common divisor of 63 and 63?
63
Calculate the greatest common divisor of 46293 and 26.
13
Calculate the highest common divisor of 36 and 1308.
12
Calculate the highest common factor of 52 and 12.
4
Calculate the highest common divisor of 37 and 2664.
37
Calculate the highest common divisor of 20 and 180.
20
What is the highest common factor of 1935 and 45?
45
What is the greatest common factor of 418 and 66?
22
Calculate the greatest common factor of 260 and 104.
52
Calculate the greatest common divisor of 16 and 2768.
16
Calculate the highest common divisor of 208 and 676.
52
What is the greatest common factor of 132 and 231?
33
What is the highest common factor of 159 and 424?
53
Calculate the greatest common factor of 55 and 55.
55
Calculate the highest common divisor of 10 and 25.
5
Calculate the greatest common divisor of 231 and 189.
21
What is the highest common divisor of 18 and 846?
18
What is the greatest common divisor of 3176 and 40?
8
What is the highest common factor of 75 and 675?
75
Calculate the highest common factor of 902 and 110.
22
What is the highest common divisor of 36 and 7974?
18
Calculate the greatest common factor of 13 and 45097.
13
What is the highest common divisor of 120 and 216?
24
What is the greatest common factor of 66 and 4224?
66
What is the highest common factor of 332 and 101924?
332
What is the highest common factor of 61 and 2257?
61
What is the highest common factor of 152 and 95?
19
Calculate the greatest common divisor of 12705 and 105.
105
Calculate the highest common factor of 369 and 81.
9
What is the greatest common divisor of 1600 and 16?
16
Calculate the highest common factor of 2001 and 69.
69
What is the greatest common factor of 2875 and 23?
23
What is the greatest common factor of 12 and 446?
2
Calculate the highest common factor of 6405 and 105.
105
Calculate the greatest common divisor of 11875 and 38.
19
Calculate the highest common divisor of 1 and 9.
1
What is the greatest common divisor of 8 and 80?
8
What is the greatest common divisor of 3073 and 7?
7
What is the greatest common factor of 180 and 765?
45
Calculate the highest common factor of 581 and 4399.
83
Calculate the highest common factor of 126 and 18.
18
Calculate the highest common divisor of 246 and 6.
6
What is the greatest common factor of 6858 and 54?
54
What is the highest common divisor of 48 and 3?
3
What is the highest common divisor of 51 and 289?
17
What is the greatest common factor of 1776 and 74?
74
What is the highest common factor of 19 and 19?
19
What is the greatest common divisor of 567 and 3564?
81
Calculate the greatest common factor of 56 and 21.
7
What is the greatest common factor of 1380 and 1020?
60
What is the highest common factor of 5146 and 1328?
166
Calculate the greatest common divisor of 41 and 1640.
41
Calculate the highest common divisor of 12 and 1448.
4
What is the highest common factor of 931 and 57?
19
Calculate the highest common factor of 62 and 29.
1
What is the greatest common divisor of 45 and 144?
9
Calculate the highest common divisor of 168 and 48.
24
What is the greatest common factor of 9 and 45081?
9
What is the highest common divisor of 64 and 464?
16
What is the greatest common divisor of 1218 and 1653?
87
What is the greatest common divisor of 1030 and 10?
10
What is the greatest common factor of 27 and 261?
9
What is the highest common factor of 108 and 2502?
18
Calculate the greatest common divisor of 15618 and 304.
38
What is the highest common divisor of 208 and 50544?
208
What is the highest common divisor of 2 and 52?
2
What is the highest common divisor of 385 and 55?
55
Calculate the greatest common divisor of 938 and 335.
67
Calculate the highest common factor of 294 and 126.
42
Calculate the greatest common divisor of 210 and 110.
10
Calculate the greatest common factor of 39 and 111.
3
What is the highest common divisor of 527 and 34?
17
Calculate the greatest common divisor of 163 and 815.
163
What is the highest common divisor of 91 and 1001?
91
What is the highest common divisor of 2 and 1151?
1
Calculate the highest common divisor of 408 and 8.
8
Calculate the highest common divisor of 5616 and 1638.
234
What is the highest common factor of 1445 and 170?
85
What is the greatest common factor of 612 and 1156?
68
Calculate the greatest common factor of 40 and 140.
20
Calculate the highest common divisor of 35 and 30.
5
Calculate the highest common factor of 35 and 105.
35
Calculate the highest common factor of 8375 and 603.
67
What is the highest common factor of 864 and 54?
54
What is the highest common factor of 60 and 2352?
12
What is the highest common divisor of 120 and 1320?
120
Calculate the greatest common factor of 522 and 54.
18
Calculate the greatest common factor of 23 and 2300.
23
Calculate the greatest common factor of 4 and 26.
2
What is the greatest common divisor of 15 and 2230?
5
Calculate the greatest common divisor of 290 and 10.
10
What is the greatest common divisor of 1133 and 1030?
103
Calculate the highest common factor of 16 and 976.
16
Calculate the greatest common factor of 18187 and 26.
13
What is the greatest common divisor of 135 and 15?
15
Calculate the greatest common divisor of 22 and 363.
11
Calculate the greatest common factor of 16 and 752.
16
What is the greatest common factor of 35 and 2?
1
What is the highest common divisor of 11 and 26917?
11
Calculate the highest common factor of 9848 and 16.
8
What is the highest common divisor of 17280 and 256?
128
What is the greatest common divisor of 51 and 179979?
51
What is the highest common divisor of 51326 and 66?
22
Calculate the highest common factor of 9962 and 102.
34
Calculate the greatest common divisor of 71 and 11999.
71
Calculate the greatest common divisor of 6 and 5946.
6
Calculate the greatest common divisor of 3707 and 77.
11
What is the greatest common divisor of 1825 and 292?
73
What is the greatest common divisor of 45 and 45?
45
Calculate the greatest common divisor of 7967 and 2056.
257
Calculate the greatest common factor of 6 and 18.
6
Calculate the highest common factor of 55 and 33.
11
What is the highest common factor of 351 and 91?
13
Calculate the highest common divisor of 78 and 630.
6
What is the highest common factor of 18 and 702?
18
What is the greatest common factor of 144 and 264?
24
What is the greatest common divisor of 760 and 320?
40
Calculate the greatest common divisor of 43 and 1591.
43
What is the highest common factor of 80 and 830?
10
Calculate the highest common divisor of 172 and 244.
4
What is the greatest common divisor of 272 and 34?
34
Calculate the greatest common divisor of 510 and 735.
15
What is the greatest common divisor of 132 and 858?
66
What is the greatest common divisor of 1859 and 1287?
143
Calculate the highest common divisor of 220 and 67540.
220
What is the highest common divisor of 3990 and 57?
57
What is the greatest common divis